*2/2 + x + 33. Let t(i) = -i**2 - 14*i - 46. Let d be t(-8). Give c(d).
-45
Suppose 9*c + 88*c - 10*c - 522 = 0. Let j(f) = 6*f + 5 - 9*f + 2*f. Give j(c).
-1
Let c be (-3)/5 + 315027/45. Let g(t) = -c + 2*t**2 - t + 7000. What is g(1)?
1
Suppose -81*y + 85*y + 10*z + 48 = 0, 0 = -3*y + 5*z + 39. Let n(o) = o**3 - 6*o**2 + 11*o + 7. Calculate n(y).
13
Let t(n) = -22*n**3 + 202 - 177 + n**3 - 13*n + 22*n**3. Determine t(3).
13
Let x(p) = -p**3 - 13*p**2 - 21*p - 8. Suppose -26*w + 185 - 367 = 0. Give x(w).
-155
Let p(t) = -3*t - 75. Let v be p(-25). Suppose -k - 38 + 40 = v. Let c(a) = 2*a + 2*a**k + 122 - 124 + a. What is c(-3)?
7
Suppose 556*x = 550*x + 66. Let d(b) = -15*b - 10*b**2 + 323 + 4*b - 314 + b**3. What is d(x)?
9
Suppose 3*l + 24 = -3*q, 1761*q + 2*l - 61 = 1766*q. Let b(m) be the first derivative of m**2/2 + 8*m - 2. What is b(q)?
-3
Let b(u) = 2*u**2 - 3*u + 15. Let r be b(4). Suppose -r = 21*z - 14*z. Let k be (z/2 + 4)*(-2)/3. Let g(m) = 3*m**3 + 2*m**2 - 1. What is g(k)?
-2
Let i(b) = -3*b + 5*b - 7 + 0*b. Suppose x = -7*z - 67, 121*z - 65 = 126*z - 5*x. What is i(z)?
-27
Let g(l) = -95*l**2 - 20*l + 39. Let z be g(2). Let p = z + 379. Let i(j) = -j**3 - 4*j**2 - 3*j. Give i(p).
-2
Let h(u) be the first derivative of -u**4/4 + 20*u**3/3 + 43*u**2/2 + 9*u + 49. Let i be h(22). Let a(j) = j**3 + 14*j**2 + 11*j - 30. Determine a(i).
-4
Let c = 462 - 321. Let o(j) = 147*j - 290*j - 5 + c*j. Let n(y) = 5*y + 10. Let v(b) = 3*n(b) + 7*o(b). Give v(6).
1
Let q = 43 + -46. Let n be (10 + -1)/(3/q). Let w = -5 - n. Let y(l) = l**3 - 3*l**2 - 3*l - 3. Give y(w).
1
Suppose 5 = -2*u + 61. Let h = -25 + u. Suppose 0 = 4*o - 3*y - 10, 0 = h*o + y - 4*y - 6. Let f(m) = -m**3 + 4*m**2 - m + 4. Calculate f(o).
0
Let f(g) = 9*g**3 - 2*g - 10*g**3 + g - 1 - 2*g**2 + 0*g - 3*g**2. Suppose -15 = 21*p - 18*p. What is f(p)?
4
Let o be 4/(-26) - 5406/(-663). Let h(r) = -26 - r + o + 19. Determine h(-7).
8
Let w(b) = 13*b + 390278 - 390273 - 46*b. What is w(2)?
-61
Let w(p) = p**3 - p**2 - p + 1. Let j be w(0). Let l(y) = -1 - 2*y + 13*y - 2 + j. Determine l(-2).
-24
Let i = 566 + -559. Let k(t) = 14*t - 20. Let n(r) = 5*r - 7. Let l(v) = -6*k(v) + 17*n(v). Let w(b) = 13. Let j(a) = -3*l(a) + w(a). What is j(i)?
-11
Let x be -6 + (-7 + 0 - -22). Let i(c) be the second derivative of 5/2*c**2 + 0 + 1/6*c**3 - x*c - 1/12*c**4. What is i(0)?
5
Suppose -88*m - 3 = -89*m. Let k(p) = -p**m - 144*p**2 + 3 + 0 + 137*p**2 - 3*p. Let z = -1 - 5. Calculate k(z).
-15
Suppose 0 = q - 49*y + 47*y - 12, y + 16 = 3*q. Let z(a) = -20*a + 81. Determine z(q).
1
Let d(m) = -17*m**3 + 12*m**2 - 64*m - 1. Let f(u) = 4*u**3 + 2*u**2 + 7*u. Let b(v) = d(v) + 4*f(v). What is b(18)?
-1
Let u = 81 - 81. Let g(t) = t**3 + 2*t**2 + 2*t + 99. Let d be g(u). Let x = d + -101. Let r(k) = 3*k. What is r(x)?
-6
Let g be (0 + -2)*(-2 - -4). Let a(n) = 23*n**2 - 147*n. Let m(q) = -19*q**2 + 123*q. Let w(d) = 5*a(d) + 6*m(d). Determine w(g).
4
Let j(f) = 5*f**2 - 4*f + 2. Let p(s) = 2*s**2 + 28*s + 2. Let h be (-25)/(0 - -5)*19. Let x = -109 - h. Let u be p(x). Give j(u).
14
Let f be -23 - ((-3)/3)/(6/(-30)). Let h(u) = -u**2 - 25*u + 86. What is h(f)?
2
Let q(w) = 0*w + w - 17 + 10 - 1 + 1. Calculate q(3).
-4
Let h(j) = 11*j**3 - 3 + 2*j**2 - 8*j - 11 + 6. Let z(n) = -9*n**3 - n**2 + 7*n + 7. Let u(p) = 5*h(p) + 6*z(p). What is u(-4)?
-6
Let j(g) = -3*g + 47. Let u(l) = -7*l + 104. Let w(c) = 22*j(c) - 10*u(c). Give w(7).
22
Let b(d) = d**2 - 3*d - 5. Suppose -1 = -a, -2*p + 0*a + 3 = 3*a. Suppose 2*s - 5*j = 29, s + p*s + 5*j = 7. Suppose 0 = 25*t - 28*t + s. Determine b(t).
-1
Let o(i) be the third derivative of 5/6*i**3 - 5/24*i**4 + 22*i**2 - 3*i + 0. Determine o(5).
-20
Let r(x) be the first derivative of -x**3/3 + x**2/2 - x - 15. Let v(l) = l**2 + 4*l - 7. Let p(a) = -6*r(a) + v(a). Let j = -598 + 597. Calculate p(j).
8
Let q be (-1 + 0)/((-9)/36). Let u(m) be the first derivative of 3*m + 2*m**2 - 1/4*m**4 + m**3 - 1. Determine u(q).
3
Let q(m) = -137*m + 54*m + 82*m - 2*m**3 - 1 - 3*m**3. What is q(-1)?
5
Suppose -301 = -5*q + 2*m, 14*q = 9*q + 5*m + 295. Let j(y) = -13*y + 121 - 56 - q - y**2. What is j(-13)?
4
Suppose 0 = 3*b + 2*k + 13, -2*b - 3*b - 47 = -3*k. Let f be ((-3)/(-4))/(7/(-392)*b). Let z(w) = w**2 - 1 - 5 - 6*w + w. What is z(f)?
0
Suppose -106 = -6*j + 116. Let w be 1/5*2*90. Let k = w - j. Let d(l) = -2*l**2. Calculate d(k).
-2
Let w(u) = 17*u**2 + 114*u - 114. Let o be w(1). Let j(y) = y**2 - 20*y + 46. Determine j(o).
-5
Suppose 7*l + 3 + 19 - 1 = 0. Let u(r) = -3*r**2 - 3*r - 5. Determine u(l).
-23
Suppose 2147*j - 2079*j = -884. Let v(f) be the first derivative of -f**3/3 - 13*f**2/2 + f + 1. Give v(j).
1
Let u(w) = -21370*w + 21381*w + 0 + 2. Give u(-6).
-64
Let t(n) = 13*n**2 + 2*n + 1. Let y(j) = -90*j**2 + 26*j + 294. Let h(l) = 7*t(l) + y(l). Calculate h(-10).
1
Let j = 19146 + -19142. Let u(y) = 91*y - 357. Give u(j).
7
Let r(j) be the first derivative of 1/3*j**3 + 67 + j + 2*j**2. Calculate r(-5).
6
Let u = 1853 - 1854. Let z(x) be the first derivative of -7*x**4/4 + 2*x**2 + x - 1. Let i(d) = -d. Let g(l) = u*z(l) - 2*i(l). Determine g(-1).
-6
Let w(j) = -j**2 - 19*j - 88. Suppose 47*l - 92 = 57*l + 28. Give w(l).
-4
Suppose -77*o - 2*t = -82*o + 32, -4*t = -3*o + 36. Let y(w) = -w**3 - 4*w**2 + 4*w. Give y(o).
-112
Let g(y) be the third derivative of y**7/5040 + y**6/720 + 37*y**5/60 - 2*y**2 + 47. Let z(i) be the third derivative of g(i). Determine z(-7).
-6
Let o = -9 - -12. Let m(k) = 5*k**o + 5 - 4*k**3 - k + 0 - 4*k**2. Let p = -138 - -142. Calculate m(p).
1
Let w(u) = u - 11. Let z = 18220 + -18212. Determine w(z).
-3
Let l = -40297 - -40278. Let g(f) = -11*f - 189. Determine g(l).
20
Let x(a) = -a**3 + 5*a**2 - 7. Let b(o) be the first derivative of o**2/2 + 3*o + 21. Let u be b(-4). Let c be 5/(-2)*(5 - (u + 8)). Give x(c).
-7
Let x = -1154 + 1153. Let b(t) = 2*t**3 - 3*t**2 - 2*t. What is b(x)?
-3
Let j(h) = 3 + 0 + h - 100*h**2 + 51*h**2 + 56*h**2 + h**3. Let x = 13 + -8. Suppose 0 = f - x*f - 28. Determine j(f).
-4
Let t(x) = -7 - 1809*x**2 + 3541*x**2 + x**3 + 27*x - 1744*x**2. Give t(4).
-27
Suppose 7 = -3*q - 8. Let u(f) = -2*f**2 - 2*f. Let h be 2/(-3) + (9 - 68/6). Let x(w) = 3*w**2 + 3*w. Let b(m) = h*x(m) + q*u(m). Give b(-2).
2
Let l(w) = 4*w**2 + 3*w - 1. Suppose 0 = 4*o + 2*g + 16, 2*o + 3*g - 10 = -22. Give l(o).
26
Suppose y + 3*y - 883 = -c, 4*c - 12 = 0. Let m = 221 - y. Let n(u) = -u + 2. Calculate n(m).
1
Let m(c) be the first derivative of -17 - 82 + 5*c**2 - 3*c**2 + 15 - 3*c**2. Determine m(5).
-10
Let p be 3 - (-5)/((-5)/3). Let o(c) = 3*c + 7149 - 7180 - 2*c - 2*c. Give o(p).
-31
Let f(b) = b**2 + 4*b + 6. Let j be f(-2). Let u(s) = 4*s - 10*s**2 + 6 - 7 - 6*s + j. What is u(1)?
-11
Let n(r) = -r**2 - 9*r - 14. Let l(v) = 2*v**2 + 17*v + 27. Let d(a) = -2*l(a) - 5*n(a). Suppose 5*s - 59 = -104. Calculate d(s).
-2
Let f = 17886 - 17894. Let i(d) = -2*d - 1 + 5 - 1. What is i(f)?
19
Let m(d) be the first derivative of -4*d**3/3 + 31*d**2/2 - 4*d - 1026. What is m(7)?
17
Let t = 244 - 229. Let w(m) = 3*m - t + 6 + 11. Give w(5).
17
Let x(g) = 16 - 3*g - 11*g + 26*g. Calculate x(-3).
-20
Let d(n) = 56*n. Let b = -2823 + 2824. Calculate d(b).
56
Let o(v) = 455*v**2 - 6*v + 40. Let l(w) = -76*w**2 + w - 7. Let a(b) = 17*l(b) + 3*o(b). Give a(1).
73
Let o(k) = -k**3 + 4*k**2 - 2*k - 2. Let g = 25 + -21. Let f = -51 + 51. Suppose f = g*y + 10 - 22. Determine o(y).
1
Let l be (4 - 3)*(-4)/(-4). Let p(r) = -10*r**3 - 6*r**2 - r + 8. Let o(s) = 8*s**3 + 4*s**2 + s - 6. Let v(k) = 4*o(k) + 3*p(k). Determine v(l).
1
Suppose -23*u = -7*u - 48. Let a(g) = 26*g**u - 27*g**3 - 4 - 10*g**2 + 15*g**2. Calculate a(5).
-4
Let n(o) = -62*o + 215. Let j(x) = -32*x + 154. Let b(f) = 5*j(f) - 3*n(f). What is b(-5)?
-5
Let l(i) = -2*i + 9. Let h be l(7). Let s be 4/((-44)/(-42) - 12/(-42)). Let r(v) = -27 + s*v - 5*v + 30. What is r(h)?
13
Let b(f) = -f - 3*f**3 + 8*f**2 - 5*f**2 + 4*f**3 + 4. Suppose 430 + 123 = -203*d - 259. Calculate b(d).
-8
Let q(r) = r**2 + r. Suppose -4*f + 174 = 522. Let d be ((-58)/f)/((-2)/(-3))*-7. Calculate q(d).
42
Suppose -q = -5*i + 32, -38*i + 41*i + 2*q - 27 = 0. Let m(c) = 9*c - 7 - 8*c**2 - 3 + 1 + c